ltiple of 7?
False
Suppose 10*d - 5*d - 45 = 0. Suppose -2*h = h - d. Suppose -25 - 20 = -h*x. Is x a multiple of 15?
True
Let c(w) be the third derivative of w**5/120 + 13*w**4/24 + w**3/6 + 2*w**2. Let f(x) be the first derivative of c(x). Is 11 a factor of f(9)?
True
Suppose 2 = -3*o + 17. Suppose 2*w - 2*h - 14 - 10 = 0, 49 = 4*w - o*h. Suppose -4*q - 5*i + w = 0, 3*q + 22 = 6*q + i. Is 9 a factor of q?
True
Let d(y) = -y**3 + 13*y**2 - 5*y + 11. Does 19 divide d(12)?
True
Let t = 15 + -9. Let z(j) = j**2 - 5*j - 2. Does 2 divide z(t)?
True
Let x = -31 - -146. Does 28 divide x?
False
Let s = 1 + 8. Is s a multiple of 4?
False
Suppose -c = 2*j - 2, -4*j = c + 1 - 3. Suppose l + 4*l = j. Suppose z = -3, l*p - 2*p + 26 = -4*z. Is p a multiple of 6?
False
Suppose 2*o = 5*s - 55, -s + 4*s - 33 = -o. Is s a multiple of 5?
False
Let u = -4 + 7. Suppose 0*a = u*a - 87. Let c = a - 19. Is 10 a factor of c?
True
Let y = 21 + 28. Is 8 a factor of y?
False
Let s = 69 - -48. Does 9 divide s?
True
Suppose n - 2*l + 6*l + 2 = 0, -3*l = -n + 33. Let q be 2/4*n/3. Suppose 5*u + 49 = q*p, 2*p - 3*u - 31 = -0*u. Is 7 a factor of p?
False
Let y(h) = -2*h - 4. Let x be y(-8). Let a(r) = -7 - 5*r**2 + 4*r**2 - 7 + 17*r. Does 23 divide a(x)?
True
Suppose 0 = 5*h - 3*d + 150, 5*h + 120 = h - 2*d. Is 12 a factor of (h - -1)*(-2)/2?
False
Let u(w) be the first derivative of w**4/2 - 5*w**3/3 + w**2 + 2*w - 2. Is 12 a factor of u(3)?
False
Let x = -73 - -141. Let p = 140 - x. Is p a multiple of 12?
True
Let g = 41 - 29. Is g a multiple of 6?
True
Let h be -1 + -1*(-26)/(-2). Let o be 1/(-3) - h/6. Suppose 0*z + 129 = 3*z + i, -o*z + i = -91. Does 13 divide z?
False
Is (176/(-12))/4*-3 a multiple of 5?
False
Let t be 2/7 - (-24)/14. Is 568/16 + 1/t a multiple of 10?
False
Suppose 0*p = 5*p - 15. Let s(d) = 7*d**3 - 3*d**2 - 2*d + 3. Let l be s(p). Suppose -l = -4*c - 27. Is 11 a factor of c?
True
Let k = -28 + 100. Does 24 divide k?
True
Let y(q) = 5*q - 1 + 5*q**2 + 1 + 5 + 2*q**3 - 3*q**3. Is 12 a factor of y(5)?
False
Suppose 6*j - 1700 = j. Suppose 10*i = 5*i + j. Does 17 divide i?
True
Suppose 4*m = 4*j + 228, 2*m + 5*j - 39 = m. Is m a multiple of 15?
False
Let t be 36/16*4*-1. Let s = t + 11. Suppose 0 = -4*n - s*y + 136, 41 = 2*n - 2*y - 15. Does 11 divide n?
False
Let c(h) = 7*h**2 + 5*h + 2. Is 4 a factor of c(-2)?
True
Suppose -b + 1 + 2 = 0. Suppose 0 = -2*q - 7 + b. Is (0 - q)/(-2) + 16 a multiple of 15?
True
Suppose 0 = -j - 25 + 88. Is j a multiple of 9?
True
Suppose -5*g - 2*q + 10 = 0, -2*g + 10 = 3*g - 4*q. Suppose b + g*b = 27. Does 9 divide b?
True
Let u = 60 - 41. Let d = 4 - -1. Let w = u + d. Is w a multiple of 12?
True
Suppose 4*j - 9*j = -20. Suppose -4*h + 188 = j*w - h, 2*h - 242 = -5*w. Is w a multiple of 17?
False
Let g = 19 - 9. Is g a multiple of 8?
False
Let s = 18 - 12. Let c(g) = -g. Let z be c(s). Is 4 a factor of (-8)/z*9/2?
False
Let i(n) = 32*n**2 - 4 + 0 + 5. Let c = 6 + -5. Is 16 a factor of i(c)?
False
Let v(b) = b**2 + 6*b - 5. Let p(m) = m**3 + 7*m**2 + 7*m - 1. Let n be p(-6). Does 2 divide v(n)?
True
Let l = -14 + 22. Does 4 divide (-26)/(3 - l - -3)?
False
Let v(t) = t**3 + t**2. Let f be v(1). Suppose 4 = -x - 5*y - 1, -5*x + f*y + 83 = 0. Is x a multiple of 5?
True
Does 11 divide (-5)/(-10) + (-109)/(-2)?
True
Let l = -8 - -8. Suppose a = -l*a + 8. Is 8 a factor of a?
True
Suppose 5*c - 5*a + 25 = 0, -15 = -2*c - 0*a - 3*a. Suppose 0 = -2*j - c*j + 106. Is 26 a factor of j?
False
Let p(d) = -12*d**2 - d. Let i be p(1). Let h(a) = a**3 + 7*a**2 + a - 6. Let u be h(-6). Let g = u + i. Is 11 a factor of g?
True
Let m be 2/(-4)*(2 - 2). Suppose z = 4*p - 1, m = z + 3*z - 3*p - 9. Suppose 5*w - z*u = -2*u + 33, -3*w - 4*u + 6 = 0. Is 6 a factor of w?
True
Let j be ((-6)/9)/(2/(-3)). Let u(f) = -12*f**2 + f - 1. Let r be u(j). Does 3 divide 3/2*(-64)/r?
False
Let r(p) = 17*p + 1. Is r(3) a multiple of 6?
False
Let v(h) = h + 6. Let z be v(-5). Is (-3)/(-1) + z + 11 a multiple of 15?
True
Suppose 0 = 3*t - 2*t - 4. Suppose -t*o - o = -80. Does 16 divide o?
True
Let l = 11 - 3. Is 2 a factor of l?
True
Suppose 0 = 3*d - 3 - 3. Suppose -l = -d*m - m + 116, -158 = -4*m + 3*l. Does 22 divide m?
False
Let y = 39 - -30. Is y a multiple of 27?
False
Let r = 70 - 36. Suppose 0 = -2*k + 34 + r. Is k a multiple of 14?
False
Let l = 69 - 17. Does 8 divide l?
False
Suppose 2*q + q - 4*c + 5 = 0, 5*q - 5*c = 0. Suppose -q*b + 105 = -5*t, b + 4*b - 77 = -2*t. Does 12 divide b?
False
Let x(b) = -b**3 + 12*b**2 + 3*b + 1. Does 38 divide x(11)?
False
Suppose 5*p + 0*o - 68 = 3*o, 3*p - 40 = 2*o. Is 8 a factor of p?
True
Let i(b) = 6*b**2 - 5*b**2 + 0*b - 5 + 5*b - 4*b. Is i(4) a multiple of 7?
False
Let g(v) = -v**3 - 5*v**2 - 5*v - 3. Let j be g(-3). Let l = j - 0. Does 14 divide ((-2)/l)/(1/75)?
False
Suppose 0 = -2*o + 4*z - 14, 2*z - 22 = -3*o - o. Is 8 a factor of ((-4)/(-2) - -11) + o?
True
Let k(r) = 2*r**2 - 4*r - 1. Let u be k(3). Suppose t - 12 = u*t. Is ((-29)/3)/1*t a multiple of 12?
False
Let m(v) = 3*v**2 + 2 - v**3 - 4 - 5*v + 10*v. Does 13 divide m(3)?
True
Does 8 divide -1 + 12 + (2 - 0)?
False
Suppose 160 = 3*q - 3*y - 2*y, 0 = -q - 4*y + 25. Does 17 divide q?
False
Is 33 a factor of 72*(90/72 - -1*1)?
False
Suppose 0 = -3*a - 2*a + 25. Suppose -13 = -2*q - 0*u + 5*u, 5*u = -a*q + 120. Is q a multiple of 13?
False
Let k(m) = -5*m + 6. Is 12 a factor of k(-6)?
True
Suppose 0 = 4*s - m - 2*m - 34, -2*s + 3*m = -20. Does 3 divide s?
False
Let g(z) = -2*z + z**3 - 7*z**2 + 4*z**2 - 2*z**2 + z**2. Is 15 a factor of g(5)?
True
Let i = -17 + 20. Does 11 divide i*17 - (-1 + -1)?
False
Suppose 0 = 2*g - 672 + 266. Does 29 divide g?
True
Let v(c) = 33*c - 2. Let x(q) = 17*q - 1. Let t(h) = -4*v(h) + 9*x(h). Let d be t(3). Suppose m - 10 + d = 2*g, -2*m = 4*g - 120. Does 14 divide g?
True
Is 38 a factor of -5 + (7 - 5) + 192?
False
Let g(w) = 9*w - 22. Is g(6) a multiple of 4?
True
Suppose -5*c = -c - 464. Is 14 a factor of c?
False
Let f(m) = 2*m**2 - 4*m + 1. Let a(v) = v**3 - 3*v**2 - 3*v + 2. Let l be a(3). Let y(z) = z**3 + 6*z**2 - 9*z - 10. Let h be y(l). Is f(h) a multiple of 7?
False
Let p = 16 + -7. Let l = 27 + -10. Suppose -l = -h + p. Is 10 a factor of h?
False
Let p(t) = -7*t - 15. Does 12 divide p(-20)?
False
Let z(u) = -u**2 - 7*u + 8. Let s be z(-7). Let q = -4 + s. Is q a multiple of 2?
True
Let z(a) = 8*a. Let m(o) = o**3 + 8*o**2 + 8*o + 8. Let n be m(-7). Is 2 a factor of z(n)?
True
Suppose -4*l = 2*u - 48, 0 = -3*u - 5*l + 85 - 17. Suppose 4*b + 4*i = 3*i + 13, -4*i + 28 = 4*b. Suppose -b*k + u = 2*k. Does 4 divide k?
True
Is (399/35)/(2/10) a multiple of 11?
False
Suppose 0 = -x - 0 - 1. Let t be x - (2/(-1) + 1). Suppose 2*w + 3*w - 295 = t. Is w a multiple of 22?
False
Suppose -k + 7 - 3 = 0. Is 10 a factor of (-42)/k*(-5 - -3)?
False
Let z(m) = -m**2 + 12*m + 10. Let w be -2*(1 + 9/2). Let g = w - -20. Is z(g) a multiple of 17?
False
Let c(i) be the second derivative of i**5/20 - i**4/12 - 5*i**3/6 - i**2 - 5*i. Does 16 divide c(4)?
False
Let v(g) be the third derivative of -g**6/120 + g**5/10 + 5*g**3/6 - 2*g**2. Let q be v(5). Let l = q + -17. Is l a multiple of 13?
True
Let p = 4 + -2. Let j be (-6)/(5/((-5)/p)). Suppose 4 = -2*n + n + j*f, 0 = -4*n - 4*f + 64. Is n a multiple of 8?
False
Let l = 1 - 3. Let s be -2 + 5 + l + 2. Suppose s*d - n + 5*n = 70, 82 = 3*d - 2*n. Is d a multiple of 12?
False
Suppose 0 = -4*a - 516 + 1860. Suppose 5*c + 6*z = 3*z + a, 2*z = 4. Suppose b = -b + c. Does 16 divide b?
False
Let y(v) be the second derivative of v**4/12 + 5*v**3/3 - v**2/2 + 2*v. Is 5 a factor of y(-11)?
True
Suppose 0 = -2*w + 2*u + 64, -5*u + u + 133 = 5*w. Let i = -12 + w. Suppose -3*l = -5*f + 61, -2*f = -5*l + 4 - i. Does 6 divide f?
False
Let v = 15 + -3. Is v a multiple of 3?
True
Let x(m) = -40*m + 1. Is x(-2) a multiple of 12?
False
Suppose -5*s + 341 - 21 = 0. Is 16 a factor of s?
True
Let o(b) be the second derivative of b**3/6 + 13*b**2/2 - 3*b. Let k(x) = -x**2 + 4*x + 5. Let n be k(5). Does 5 divide o(n)?
False
Let s = 32 - -73. Let t = s + -13. Suppose 3*v = 91 + t. Does 24 divide v?
False
Suppose -o + 4*o = 63. Is 3 a factor of o?
True
Let l(z) be the second derivative of -3*z**3 - 4*z.